ase 3) to base 6.
-3435425
What is -28069 (base 11) in base 13?
-15294
What is -1200310113 (base 4) in base 14?
-a4743
4a756 (base 11) to base 3
10200211122
What is 1402219 (base 11) in base 9?
4485732
What is -74587 (base 13) in base 3?
-101122121121
-b864d3 (base 14) to base 10
-6240825
Convert -782a (base 14) to base 8.
-50516
13c581 (base 13) to base 12
1b4316
What is 114033104 (base 5) in base 9?
1002770
-37336b (base 15) to base 3
-11222022001202
1673326 (base 8) to base 9
825016
Convert -111101111001100100 (base 2) to base 6.
-5233444
Convert -1465016 (base 8) to base 15.
-84846
What is -1201221 (base 7) in base 9?
-251106
Convert -215064 (base 8) to base 16.
-11a34
10100111100101000100 (base 2) to base 10
686404
What is -925627 (base 11) in base 9?
-2714548
370355 (base 10) to base 12
15a3ab
What is -1340041 (base 6) in base 11?
-51548
40614360 (base 8) to base 16
8318f0
1003435 (base 12) to base 3
12121222221212
10404530 (base 6) to base 12
130746
62248 (base 15) to base 3
120210122012
12306024 (base 8) to base 5
1144112321
What is -275b8 (base 13) in base 4?
-101330121
What is 210433023 (base 5) in base 11?
547831
Convert 7420261 (base 8) to base 14.
3957a1
-1113112220 (base 4) to base 13
-c6b21
Convert 11670 (base 11) to base 3.
212000022
-448a0 (base 14) to base 3
-22110012001
Convert 24400110 (base 5) to base 15.
487da
What is -2009c (base 15) in base 12?
-4a819
What is -2033555 (base 6) in base 2?
-10111111100001111
Convert -5045115 (base 7) to base 5.
-123142000
-1822ca (base 16) to base 12
-643462
1000001010000001100 (base 2) to base 10
267276
Convert 87a (base 14) to base 7.
4613
Convert 740986 (base 11) to base 10.
1187104
Convert -30e57b (base 15) to base 7.
-25530065
What is -45a6a4 (base 13) in base 10?
-1651095
Convert -156305364 (base 7) to base 4.
-220211311203
What is -1001000011100111010 (base 2) in base 7?
-2344124
What is 1221310213 (base 4) in base 11?
276723
Convert -2803267 (base 9) to base 6.
-52542524
What is -3638649 (base 10) in base 9?
-6755253
10212210110 (base 3) to base 5
4421040
What is -21222110122 (base 3) in base 10?
-157076
What is -765b8b (base 12) in base 11?
-1071994
288400 (base 10) to base 5
33212100
Convert -3596747 (base 10) to base 5.
-1410043442
Convert -764610 (base 8) to base 12.
-104460
What is 3192b9 (base 13) in base 16?
11bdcf
285436 (base 11) to base 14
b8984
-23425246 (base 8) to base 13
-10a48cb
Convert 9a8364 (base 11) to base 5.
402410300
Convert 3bb818 (base 13) to base 16.
162e16
Convert 241521 (base 10) to base 11.
155505
-559888 (base 13) to base 5
-1004124012
19b629 (base 12) to base 14
bbd3b
Convert -1224596 (base 12) to base 14.
-67d6b8
Convert -13e74 (base 15) to base 8.
-175011
Convert -782166 (base 9) to base 5.
-104424210
62b3b5 (base 12) to base 4
11323121321
What is -33442111 (base 8) in base 9?
-14533728
12150143 (base 6) to base 10
387567
What is 1101110000101011 (base 2) in base 16?
dc2b
What is 4040223 (base 7) in base 8?
1652073
18cbb60 (base 13) to base 6
451005301
20441332 (base 7) to base 11
a78655
What is -11124242 (base 6) in base 5?
-41303142
84aa (base 16) to base 8
102252
What is 53053264 (base 7) in base 10?
4483840
What is -823a5 (base 14) in base 9?
-527087
What is 107601 (base 11) in base 12?
8301b
121757 (base 9) to base 15
16bb4
What is 3415031 (base 6) in base 3?
22210221201
Convert -27772053 (base 8) to base 7.
-104310415
-41101 (base 15) to base 5
-23043401
What is 340222 (base 8) in base 16?
1c092
Convert 10001201012 (base 3) to base 11.
41335
Convert -4344121 (base 6) to base 13.
-77452
What is -200321311 (base 4) in base 9?
-224777
266487 (base 13) to base 15
134e16
Convert -658e3 (base 16) to base 9.
-703540
Convert 1065110 (base 7) to base 16.
20ac2
-7105260 (base 8) to base 7
-21620250
Convert 2423042114 (base 5) to base 8.
25513243
What is -1430052 (base 7) in base 11?
-121382
Convert 1010110111111011 (base 2) to base 16.
adfb
What is -14441314 (base 5) in base 12?
-76222
What is 130611 (base 8) in base 9?
68308
-11001011011110001110110 (base 2) to base 5
-3201324012
5032310 (base 6) to base 2
111010000010010010
Convert -6326776 (base 8) to base 16.
-19adfe
What is 104830 (base 9) in base 5?
4001030
Convert -1331135 (base 6) to base 12.
-36aab
What is -1149752 (base 10) in base 11?
-71590a
What is 161197 (base 12) in base 9?
631647
Convert -258735 (base 13) to base 6.
-31214030
-212330201 (base 4) to base 12
-78395
Convert -1011111100110101110 (base 2) to base 5.
-100012343
What is 101431243 (base 5) in base 4?
1212233113
14311313 (base 5) to base 15
2ea58
Convert 11a309 (base 11) to base 3.
100121202212
Convert 348203 (base 9) to base 2.
110011000111101100
Convert 147533 (base 16) to base 14.
26c85d
Convert 16022 (base 9) to base 10.
10955
What is -209079 (base 14) in base 8?
-4145243
13334002 (base 6) to base 4
1231113302
Convert -12f78b (base 16) to base 14.
-244dd1
-21002211010021 (base 3) to base 10
-3775579
Convert 42225125 (base 7) to base 9.
6640588
Convert -9a55d (base 15) to base 10.
-490588
What is 421229 (base 10) in base 2?
1100110110101101101
-34343210 (base 6) to base 12
-42ab06
What is d7bb9 (base 14) in base 11?
326428
-1035054431 (base 6) to base 4
-222210030103
What is -21365207 (base 8) in base 2?
-10001011110101010000111
What is 253564 (base 7) in base 12?
231b7
What is -263650 (base 12) in base 4?
-2121113130
6061554 (base 7) to base 13
1c31ac
-166b5 (base 13) to base 12
-209b5
What is -1d292a (base 16) in base 14?
-37a65c
-1110001110011011010 (base 2) to base 9
-780371
-310481 (base 10) to base 14
-81213
22320230001 (base 4) to base 7
33153426
-143593 (base 12) to base 8
-1223577
What is -f2c8 (base 16) in base 5?
-3442102
Convert -1424023144 (base 5) to base 3.
-21000210220012
-1c5818 (base 15) to base 3
-2121101122112
Convert 477626 (base 8) to base 3.
22022121020
Convert 21415431 (base 6) to base 10.
640171
-20553 (base 16) to base 7
-1061052
Convert -141331141 (base 6) to base 4.
-22331202211
What is 307a95 (base 14) in base 4?
12033013103
Convert -8b69 (base 12) to base 14.
-5905
Convert 22020110000100 (base 3) to base 12.
1571953
608a5b (base 12) to base 4
11300033213
-210616 (base 13) to base 15
-103bda
What is -202200020210 (base 3) in base 6?
-12420033
What is 822707 (base 9) in base 10?
487546
What is 6aca3 (base 13) in base 4?
233232221
What is -1065256 (base 8) in base 6?
-10112022
What is -41325 (base 14) in base 7?
-1222545
What is 25059 (base 14) in base 16?
16207
Convert -466629 (base 12) to base 16.
-114201
Convert -54261 (base 16) to base 6.
-11215413
Convert -100011111001000 (base 2) to base 13.
-8497
What is 78768 (base 16) in base 15?
9b2e6
-26dcd (base 14) to base 11
-66166
-198a7 (base 12) to base 9
-56471
2122604 (base 7) to base 15
5162b
310899 (base 10) to base 14
81431
-101011110110011011110 (base 2) to base 15
-1d5b2e
What is -214788 (base 9) in base 6?
-2425342
What is 2014351 (base 6) in base 5?
11024421
What is 1150125 (base 7) in base 4?
203301201
What is 11502330 (base 6) in base 12?
1579a6
Convert -1672156 (base 8) to base 2.
-1110111010001101110
114332 (base 8) to base 12
1a78a
Convert -308005 (base 9) to base 12.
-89a88
Convert -445440 (base 6) to base 10.
-37536
Convert -53432054 (base 7) to base 9.
-8487618
Convert -13027403 (base 9) to base 16.
-6197c4
What is 23311322 (base 5) in base 10?
213337
What is 1002201010210 (base 3) in base 12?
2424a0
Convert -56251063 (base 7) to base 5.
-2221311431
54bcd (base 14) to base 2
110010001001010001
2442033 (base 6) to base 2
11111110000000101
-67103 (base 12) to base 6
-2532403
-73716344 (base 8) to base 11
-8956109
What is -2641424 (base 7) in base 2?
-1010100100010111101
What is -294188 (base 10) in base 11?
-191034
What is 15042 (base 6) in base 4?
211202
222025 (base 6) to base 16
48a1
Convert 34aaa89 (base 11) to base 2.
10111010110000111101010
Convert 280b06 (base 12) to base 16.
a2636
1b1ac4 (base 13) to base 11
431049
114312423 (base 5) to base 15
aa728
Convert 1a576 (base 13) to base 4.
30210101
Convert 3391019 (base 10) to base 3.
20101021121022
What is -101110101000010011110100 (base 2) in base 15?
-1116ca7
Convert -3343413 (base 6) to base 16.
-29541
What is 55421 (base 12) in base 14?
2d21b
Convert 236660 (base 8) to bas